) to base 8
1
12011 (base 3) to base 16
8b
Convert -d (base 14) to base 10.
-13
2 (base 6) to base 16
2
2 (base 4) to base 13
2
What is -d (base 15) in base 9?
-14
Convert 2021 (base 3) to base 7.
115
What is -222 (base 6) in base 13?
-68
Convert e (base 15) to base 3.
112
Convert -3 (base 10) to base 11.
-3
What is 1 (base 2) in base 11?
1
-1 (base 14) to base 4
-1
-101 (base 2) to base 16
-5
What is -17 (base 8) in base 5?
-30
-3 (base 5) to base 15
-3
Convert 0 (base 8) to base 2.
0
Convert -3 (base 14) to base 9.
-3
Convert -56 (base 15) to base 9.
-100
What is 111 (base 2) in base 12?
7
Convert 15 (base 8) to base 16.
d
Convert -10 (base 3) to base 9.
-3
9 (base 14) to base 6
13
What is -8 (base 11) in base 15?
-8
Convert 6 (base 12) to base 7.
6
What is 21 (base 7) in base 2?
1111
3102 (base 4) to base 15
e0
Convert -93 (base 11) to base 4.
-1212
What is 16 (base 7) in base 12?
11
What is -3 (base 12) in base 15?
-3
Convert -1000 (base 2) to base 4.
-20
-38 (base 11) to base 7
-56
28 (base 12) to base 7
44
4 (base 7) to base 15
4
What is -2 (base 9) in base 15?
-2
0 (base 16) to base 4
0
-31 (base 7) to base 14
-18
-24 (base 7) to base 4
-102
-2 (base 7) to base 12
-2
58 (base 13) to base 6
201
-10000111 (base 2) to base 9
-160
26 (base 8) to base 2
10110
178 (base 9) to base 5
1102
-2 (base 10) to base 3
-2
-133 (base 5) to base 6
-111
What is -22 (base 7) in base 16?
-10
-302 (base 5) to base 4
-1031
What is -2 (base 6) in base 5?
-2
-6 (base 11) to base 16
-6
-1 (base 10) to base 8
-1
What is 1 (base 8) in base 3?
1
Convert 440 (base 6) to base 12.
120
Convert -1 (base 8) to base 9.
-1
Convert 74 (base 9) to base 3.
2111
-111 (base 7) to base 10
-57
Convert -a8 (base 16) to base 3.
-20020
What is 5 (base 13) in base 7?
5
Convert -10 (base 2) to base 3.
-2
Convert -11120 (base 3) to base 13.
-96
Convert -3 (base 8) to base 13.
-3
-64 (base 8) to base 14
-3a
What is -41 (base 8) in base 13?
-27
What is 0 (base 14) in base 16?
0
-23 (base 5) to base 14
-d
2 (base 12) to base 4
2
What is 1 (base 2) in base 8?
1
7a (base 12) to base 13
73
Convert 110 (base 3) to base 16.
c
What is 0 (base 10) in base 5?
0
Convert -12 (base 4) to base 15.
-6
Convert -5 (base 11) to base 12.
-5
Convert 201 (base 4) to base 6.
53
Convert 210 (base 3) to base 7.
30
Convert -1 (base 15) to base 12.
-1
What is 2c (base 14) in base 2?
101000
Convert -321 (base 6) to base 3.
-11111
10 (base 8) to base 7
11
-7e (base 16) to base 8
-176
0 (base 5) to base 16
0
-116 (base 7) to base 10
-62
1c5 (base 14) to base 15
199
What is -11 (base 10) in base 15?
-b
Convert 6 (base 15) to base 11.
6
Convert 310 (base 5) to base 14.
5a
What is 12 (base 7) in base 4?
21
4 (base 14) to base 15
4
What is 3 (base 16) in base 14?
3
7a (base 15) to base 6
311
What is 1 (base 14) in base 15?
1
-101 (base 4) to base 8
-21
Convert -2 (base 16) to base 9.
-2
-1110 (base 2) to base 12
-12
What is -5 (base 7) in base 10?
-5
Convert -24 (base 8) to base 10.
-20
20 (base 13) to base 11
24
Convert 12 (base 14) to base 15.
11
What is -193 (base 11) in base 16?
-df
Convert -d (base 16) to base 7.
-16
-1 (base 10) to base 8
-1
Convert -15 (base 16) to base 7.
-30
Convert -140 (base 6) to base 2.
-111100
What is -23 (base 14) in base 13?
-25
Convert 33 (base 7) to base 3.
220
What is 111 (base 11) in base 12?
b1
Convert 1101 (base 2) to base 6.
21
What is 1101 (base 2) in base 4?
31
What is 2 (base 3) in base 15?
2
Convert 227 (base 9) to base 3.
20221
55 (base 16) to base 4
1111
Convert -a3 (base 11) to base 4.
-1301
-8 (base 15) to base 2
-1000
What is -2 (base 8) in base 3?
-2
-12 (base 4) to base 5
-11
9b (base 12) to base 3
11102
-28 (base 10) to base 4
-130
Convert 0 (base 14) to base 7.
0
Convert 25 (base 16) to base 15.
27
What is -2 (base 4) in base 2?
-10
-1202 (base 3) to base 6
-115
-406 (base 7) to base 9
-244
What is 4 (base 11) in base 5?
4
What is -201 (base 3) in base 9?
-21
Convert 4e (base 16) to base 8.
116
What is 0 (base 13) in base 14?
0
Convert 3 (base 14) to base 7.
3
Convert 19 (base 13) to base 6.
34
Convert 0 (base 3) to base 6.
0
Convert -142 (base 10) to base 16.
-8e
Convert -1010110 (base 2) to base 16.
-56
-34 (base 16) to base 5
-202
-2 (base 11) to base 5
-2
-2 (base 13) to base 5
-2
What is 204 (base 8) in base 16?
84
Convert -176 (base 9) to base 12.
-106
Convert 0 (base 9) to base 4.
0
What is -1000 (base 4) in base 16?
-40
-b (base 16) to base 11
-10
Convert -3 (base 5) to base 6.
-3
Convert -26 (base 9) to base 8.
-30
What is 66 (base 12) in base 8?
116
What is 4 (base 7) in base 12?
4
What is 21 (base 8) in base 9?
18
Convert 21 (base 14) to base 8.
35
Convert 0 (base 5) to base 12.
0
-3 (base 6) to base 16
-3
What is 29 (base 15) in base 13?
30
0 (base 11) to base 12
0
-3 (base 4) to base 15
-3
-1 (base 13) to base 8
-1
Convert 100001 (base 3) to base 8.
364
Convert 0 (base 10) to base 9.
0
Convert 2 (base 9) to base 10.
2
Convert 251 (base 11) to base 15.
14d
Convert -151 (base 10) to base 4.
-2113
Convert -2 (base 15) to base 9.
-2
-11111011 (base 2) to base 11
-209
-1020 (base 6) to base 10
-228
-20 (base 6) to base 16
-c
Convert 10 (base 2) to base 10.
2
Convert 0 (base 5) to base 3.
0
Convert -2 (base 13) to base 4.
-2
What is 2 (base 8) in base 3?
2
What is -41 (base 15) in base 5?
-221
Convert -26 (base 7) to base 16.
-14
What is -77 (base 9) in base 14?
-50
What is 6 (base 9) in base 4?
12
Convert -102 (base 6) to base 2.
-100110
Convert 1b (base 15) to base 13.
20
What is -124 (base 8) in base 6?
-220
What is -9 (base 10) in base 14?
-9
Convert -7 (base 11) to base 5.
-12
Convert 3 (base 16) to base 9.
3
Convert 5 (base 13) to base 2.
101
Convert 2 (base 3) to base 2.
10
Convert 7 (base 8) to base 5.
12
-237 (base 9) to base 15
-d1
What is -4 (base 15) in base 8?
-4
Convert 1 (base 6) to base 8.
1
-402 (base 6) to base 12
-102
-26 (base 7) to base 16
-14
What is -22 (base 9) in base 2?
-10100
Convert 3 (base 11) to base 2.
11
What is -29 (base 10) in base 6?
-45
56 (base 16) to base 12
72
What is -1e (base 16) in base 10?
-30
Convert -104 (base 6) to base 14.
-2c
What is -22 (base 10) in base 7?
-31
e (base 16) to base 10
14
What is 3 (base 6) in base 4?
3
-223 (base 4) to base 12
-37
Convert 0 (base 5) to base 8.
0
0 (base 6) to base 3
0
4 (base 6) to base 14
4
Convert 30 (base 6) to base 12.
16
Convert -13 (base 10) to base 4.
-31
-a (base 14) to base 2
-1010
Convert 8 (base 16) to base 9.
8
What is 3d (base 16) in base 15?
41
Convert -5 (base 6) to base 9.
-5
Convert 3 (base 10) to base 2.
11
What is -19 (base 11) in base 10?
-20
Convert -63 (base 7) to base 9.
-50
Convert -4 (base 16) to base 9.
-4
Convert 2 (base 15) to base 16.
2
What is 10 (base 2) in base 6?
2
-5 (base 14) to base 5
-10
What is -1011000 (base 2) in base 13?
-6a
Convert -10 (base 3) to base 14.
-3
What is 3 (base 11) in base 10?
3
Convert 0 (base 12) to base 14.
0
What is -2 (base 16) in base 5?
-2
5 (base 6) to base 13
5
What is 0 (base 6) in base 11?
0
29 (base 11) to base 2
11111
What is -232 (base 4) in base 11?
-42
What is -c (base 13) in base 8?
-14
-2120 (base 3) to base 16
-45
5 (base 7) to base 6
5
What is 112 (base 4) in base 7?
31
2e (base 16) to base 5
141
Convert 2 (base 14) to base 6.
2
-5 (base 6) to base 12
-5
12 (base 10) to base 3
110
What is 10111 (base 2) in base 12?
1b
What is 3c (base 13) in base 5?
201
214 (base 7) to base 12
91
Convert -3 (base 4) to base 15.
-3
-6 (base 10) to base 4
-12
What is 11 (base 5) in base 7?
6
-1101 (base 2) to base 8
-15
352 (base 6) to base 13
aa
-15 (base 9) to base 14
-10
What is 286 (base 10) in base 12?
1ba
223 (base 4) to base 15
2d
Convert 0 (base 8) to base 2.
0
What is 3 (base 4) in base 3?
10
46 (base 10) to base 9
51
-10 (base 3) to base 6
-3
-1 (base 16) to base 5
-1
Convert 4 (base 9) to base 3.
11
Convert -55 (base 12) to base 8.
-101
Convert 2230 (base 4) to base 12.
124
What is -11 (base 3) in base 10?
-4
What is -73 (base 10) in base 11?
-67
Convert 1000000 (base 2) to base 5.
224
-16 (base 7) to base 13
-10
-12 (base 9) to base 6
-15
-1 (base 13) to base 3
-1
What is -7 (base 12) in base 13?
-7
5 (base 12) to base 9
5
What is 11 (base 5) in base 13?
6
4 (base 8) to base 9
4
What is -4 (base 9) in base